
Let g(v) = 2715*v - 11. Let d(u) = -2715*u + 10. Let j(r) = 4*d(r) + 3*g(r). Is j(-2) a composite number?
False
Let y(a) = -4*a**3 - 9*a + 12. Let l be y(-10). Suppose 0 = 5*q - 4*f + 741 - l, 0 = 5*q - 2*f - 3363. Is q a prime number?
True
Let n = -8662 + 22775. Is n a composite number?
True
Let m be 1/(-2)*(14 - 14). Let t(d) = -d**2 + 19. Let k be t(0). Let p = m + k. Is p composite?
False
Let s = -54723 + 89900. Is s a prime number?
False
Suppose -133*i = -131*i - 4348. Is i composite?
True
Let a(c) = 250*c**2 - c + 5. Let f(h) = 1. Let r(q) = a(q) - 3*f(q). Is r(1) prime?
True
Suppose -3*j - 1586 = b, -4*b + 1561 = -2*j - j. Let f = -882 - j. Let d = 518 + f. Is d composite?
False
Let z = 60 - 33. Let b be (z/3)/3 - -477. Is 3 - (-13)/(52/b) prime?
False
Suppose 1535889 = 9*n + 128280. Is n a prime number?
False
Let j be -7*5/((-25)/5). Is (j/(-14))/(3/(-186)) a prime number?
True
Suppose -3*y + 5*y = 0. Suppose -1 = -4*x + 7. Suppose 0 = x*p - y*p - 286. Is p a prime number?
False
Suppose -y + 6*y - x + 214 = 0, -173 = 4*y + x. Let f = 42 - y. Is f a composite number?
True
Let a = -92 + 332. Let s = 491 - a. Is s prime?
True
Let i = 19 + -17. Suppose 13*u - 11077 = i*u. Is u composite?
True
Let g = -1839 + 18841. Is g a prime number?
False
Suppose -200*y + 181736 = -192*y. Is y a composite number?
False
Suppose 0 = y - 4*b - 1684, 3*b - 8535 = -3*y - 2*y. Let s be 2/(-8) + y/32. Suppose 2*c = 3*q - 159, q - 2*q + 2*c = -s. Is q composite?
False
Suppose p = 3*p + 2*t - 5738, -4*t = -3*p + 8572. Suppose 0 = -3*c - 2101 + 6010. Let u = p - c. Is u composite?
True
Suppose -6*p + 31 - 13 = 0. Suppose -4*j = 12, -d = d - p*j - 719. Is d a composite number?
True
Let j(g) = -g**3 - 7*g**2 + 5*g + 10. Let k(w) = -8 + 6*w - 8 - 7*w. Let u be k(-7). Is j(u) composite?
False
Let o(j) = -5*j**3 - 6*j**2 + 6*j - 6. Let l(q) = 0*q**2 - q**2 + 0*q**2 + 0*q**2 + q**3. Let s(t) = -4*l(t) - o(t). Is s(7) a composite number?
False
Let h(g) = g**3 - 15*g**2 - 12*g - 19. Suppose 5*n = 3*f - 24 - 22, -f + 20 = 3*n. Is h(f) composite?
True
Let m(g) = 175*g - 106. Is m(3) composite?
False
Let p(s) = 1767*s**3 - 5*s**2 + 5*s - 3. Let a be p(6). Is (6/15)/(5 - a/76305) a prime number?
True
Let p = 702 + 3695. Is p a prime number?
True
Suppose 25*y + 278268 = 37*y. Is y a composite number?
False
Let p(k) = 276*k**2 + 56*k - 7. Is p(4) composite?
True
Let t(q) = -11*q**3 - 17*q**2 - 22*q + 13. Is t(-10) prime?
True
Let t(n) be the first derivative of -2*n**3/3 - n**2 + 4. Let m be t(-2). Is (71/m)/(1/(-4)) a composite number?
False
Let f = 24492 + -15727. Is f a prime number?
False
Let b be 2/(54/73041) + (-2)/9. Suppose -c - 2*m - b = -4*c, -4*c - m + 3592 = 0. Is c a composite number?
True
Let o = 48938 + -34285. Let i = o - 9356. Is i a composite number?
False
Suppose -4*l - 16 = -6*l. Suppose -266 = -l*y + 302. Is y prime?
True
Suppose -3*a - 2*a + 2991 = p, 0 = -5*p - 4*a + 15039. Is p composite?
False
Suppose 2*l = l - 28. Let i be 1*((-370)/8 + (-42)/56). Let j = l - i. Is j composite?
False
Let g(p) = -p**3 - 8*p**2 + 10*p + 11. Let c be g(-9). Suppose -c*q = q - 951. Is q a composite number?
False
Let i = -100 - -204. Suppose 3*y - 7*y + 28 = 0. Suppose 0 = -z + i - y. Is z prime?
True
Is -1 - (1 - -2 - 12293/1) a composite number?
False
Let x = 72 - 51. Suppose -g - 3*q = -4, 3*g - 2*q + 5 = -5. Let j = x - g. Is j prime?
True
Let j = 12366 + -4649. Is j composite?
False
Suppose -4*c - 36 = 3*r, 0*r = -4*r + 2*c - 26. Let m(z) = 6*z**2 - 8*z + 10. Let d be m(r). Let s = d - -129. Is s prime?
True
Let q = -4143 - -12260. Is q a prime number?
True
Suppose 9 = 5*h - 6. Suppose -z - h*j + 13 = -5*z, z = -j + 2. Is (4 + -385 - -4)/z a prime number?
False
Suppose 3*a - 21 = 6*a. Let x be a + (2 + 0)*1. Is (-1)/x - 7378/(-35) composite?
False
Suppose -31*j + 45 = -34*j. Let l(v) be the second derivative of -2*v**3/3 + 27*v**2/2 - v. Is l(j) prime?
False
Let o(l) = l**3 + 9*l**2 + 2*l + 5. Let a be o(-6). Is a + -2 - (-6)/(-3) composite?
False
Suppose -2*d + 12936 + 23006 = 0. Is d a prime number?
True
Suppose 7*s + 3379 = 2*o + 8*s, 3*o = 5*s + 5101. Suppose 2343 + o = 3*r. Is r a composite number?
True
Let b = -241 + 414. Let i = b + -102. Is i prime?
True
Suppose 0 = 2*c - 4*t - 18, 5*c - 7*t + 2*t = 25. Let j be (-2 + c/2)*-2. Suppose -1571 = -3*w - q + 3*q, -1572 = -3*w + j*q. Is w a prime number?
True
Is (75 - 103)*10874/(-8) prime?
False
Let n = -252 + 1973. Is n a composite number?
False
Suppose 250*a - 48 = 246*a. Is (10420/a)/5*3 composite?
False
Let t be (2 + 344/(-16))*134/(-3). Suppose -t = -7*l + 172. Is l composite?
False
Let m(r) = 7*r + 5*r**3 - 3*r - 4 + 3*r**3 + 5*r**2 - 6*r. Is m(5) prime?
False
Let t(c) = 4*c**2 + 16*c - 18 - 8*c**3 - c**3 - 3*c - 3*c**2. Let r(j) = 19*j**3 - j**2 - 27*j + 37. Let f(w) = -6*r(w) - 13*t(w). Is f(7) a composite number?
True
Suppose 5*l = -3*d + 1481, -4*d = l + l - 1956. Is d prime?
True
Let v be (24/(-20))/(4/(-10)). Let c(k) = 0 - 2*k + 8*k**3 + 1 - 2*k**2 - 2 + 8*k**3. Is c(v) composite?
True
Suppose -1298 = 17*s - 19*s. Is s a composite number?
True
Let d(c) = c**2 - c - 2. Let p be d(0). Let g be p/(-1*(-3 + 1)). Is (-3 - g)*(-118)/4 composite?
False
Suppose -44*m - 35 = -49*m. Suppose x - a = 6*x - 5659, -2*a + 3401 = 3*x. Suppose -m*n + x = -4*n. Is n a composite number?
True
Let d(h) = 307*h + 4. Let b(l) = -614*l - 7. Let t(p) = 3*b(p) + 5*d(p). Is t(-2) composite?
False
Let l(u) = 358*u**3 - 2*u**2 + 8*u - 51. Is l(4) prime?
True
Let k = -7061 + 11608. Is k a composite number?
False
Let f(l) = 2*l + 5. Let s be 129/27 - (-12)/54. Let t be 12*s/(15/2). Is f(t) a composite number?
True
Let b = 8634 - -659. Is b prime?
True
Let h = 19857 - 11894. Is h composite?
False
Suppose -2*g - 33990 = -13*g. Suppose -7*x + g = 3*x. Is x a prime number?
False
Suppose 0 = 5*o - 2*l + 7 + 2, 0 = l - 2. Is (-4)/(-16)*-12130*2*o composite?
True
Let m(s) = -s**3 - 4*s**2 + 7*s + 5. Suppose -t - 217 = 6*t. Let o = -37 - t. Is m(o) composite?
True
Is (1 - 5 - 6)/((-6)/6609) a composite number?
True
Let v be 3 - (-2)/(-2)*0. Let p(b) = 26*b**2 - 2. Let t(c) = 26*c**2 + c - 2. Let m(u) = -4*p(u) + 5*t(u). Is m(v) a composite number?
True
Let w be -1*((-1)/1 - 1). Suppose -3*z - r = 3*r - 2837, w*z - 1896 = 2*r. Is z a prime number?
True
Let r(t) be the second derivative of 1/6*t**3 + 2*t + 2/3*t**4 + 0 + 5*t**2. Is r(7) a prime number?
True
Let o(b) = 6*b - 3. Let m be o(3). Let j be (282/m)/((-2)/20). Let v = -117 - j. Is v composite?
False
Suppose 2*x = 5*x - 1449. Suppose 3*w = x + 576. Is w a prime number?
True
Suppose -2*h + 11730 = 13*h. Suppose 5*k + 779 = 2*d - 0*d, -2*d + 4*k = -h. Is d a composite number?
False
Let o(d) = -2*d**3 - 9*d**2 - 3*d + 1. Suppose 0 = -2*x + 4 - 0. Suppose 0 = c + x + 4. Is o(c) a prime number?
True
Let x be (-1 - 1)/(3 + -1). Let l(g) = -5*g. Let h be l(x). Suppose -z + f = -375, -2*f - 107 + 1968 = h*z. Is z composite?
False
Is (-9)/(-162)*227750 + 2/9 a composite number?
False
Is (-834791)/(-472) + 2/32*6 a composite number?
True
Suppose -b + 3*b - 10326 = -4*d, -d = 3*b - 15509. Is b composite?
False
Suppose 2*l - 4*k - 4 = -3*k, -2*k - 6 = -3*l. Let i be (l - 17)*(4 - 15). Let s = -86 + i. Is s composite?
False
Let i(f) = 10984*f - 57. Is i(4) prime?
False
Suppose -27 = -3*p + 5*y + 10, 0 = -3*p + 3*y + 27. Is ((-1045)/(-10))/(2/p) composite?
True
Let i(j) = j**2 - 13*j + 10334. Is i(0) prime?
False
Let r(h) = 2*h + 39. Let x be 0 - 1 - (1 + -2). Let m be r(x). Is (-4)/26 + 11979/m a prime number?
True
Suppose 12*m = 3*m - 27. Is -699*((-8)/(-3) + m) a composite number?
False
Let m(f) = 0*f - 1 + 3*f + 0*f**3 + 3*f**3 + f**2. Let p(g) = -6*g**3 - 3*g**2 - 7*g + 3. Let u(t) = 9*m(t) + 4*p(t). Is u(4) a prime number?
False
Let d be (10/5 + 4)/(3/3). Let u(g) = g**3 - 2*g + 43. Is u(d) a composite number?
True
Let o be -3 - (3 - 3 - 786). Let g = -329 + o. Suppose -x = -5*m - 203, 3*m - g = -2*x + m. Is x prime?
True
Suppose 4*a - i - 10 = i, 3*a - 5*i - 4 = 0. Suppose -176 = a*f - 845. Is f composite?
False
Let u(t) = 1403*t - 44. Is u(15) a composite number?
False
Is -74 + 30416 - (0 - -1) composite?
False
Let g(r) = -6*r**3 + 3*r**2 - r - 11. Is g(-6) composite?
False
Let m = 44